Let t be p(22). Determine h(t).
25
Let m(s) = -4*s**3 + 6*s**2 - 2*s - 1. Let f = -5677 - -5679. Give m(f).
-13
Suppose 0 = -8*a + 645 + 43. Suppose 9*t - a = -131. Let l(f) = f**3 + 6*f**2 + 9*f + 17. Determine l(t).
-3
Let q(c) = c**2 - 5*c - 1. Let g(u) = -u - 10. Let l be g(-12). Let x be 32/(-40)*(-5)/l. Suppose -x*j + 12 = j. Determine q(j).
-5
Let r(w) = -15*w**3 + 4*w**2 - w. Let t(b) = -61*b + 1527. Let x be t(25). Determine r(x).
-106
Let b(k) = -k**2 + 251. Let g be b(16). Let i(q) = -2*q**2 - 4*q - 13. Determine i(g).
-43
Let d(r) = 3*r**3 + 4*r**2 + 3*r + 2. Suppose -59 = -7*s + 60. Suppose -2*k - v + 12 = s, 7 = -2*k - 3*v. Calculate d(k).
-12
Let f(x) = -11*x - 2*x - 8*x + 30*x + 12 - 7. Give f(-3).
-22
Let u(s) = s**2 - 11*s - 4. Let g be (117/26 + 12)*2/3. Give u(g).
-4
Let x(d) = 2. Suppose 0*z - 3 = -r + 3*z, -3*r - 5*z + 23 = 0. Let f(b) = -b + 6. Let w(o) = r*f(o) - 17*x(o). Determine w(2).
-10
Suppose -21*a = -23*a + 4. Let l(n) = -27 - 4*n - 7844*n**a + 7843*n**2 + 24. Let x = 6 - 10. What is l(x)?
-3
Let m(q) = q**2 + q + 1. Let u be (22 - 26)/(-1 + 0). Suppose 5*k + 1 + u = 0. Let d(f) = 4*f**2 + 3*f + 8. Let l(y) = k*d(y) + 6*m(y). What is l(-3)?
7
Suppose 0 = -3*a - 15, 5*n + 2*a - 4*a - 20 = 0. Suppose 434 = 5*d - 2*w, 2*d = -0*w + n*w + 170. Let r = 88 - d. Let i(p) = p**2 + p - 3. Calculate i(r).
-3
Let z(n) = -n**3 + n**2 - 5. Let b be 4/(-6) - 5/(-15)*8. Let d be b/(-8) - 33/(-132). Calculate z(d).
-5
Let s(i) = -7*i**2 - 4*i + 5*i + 10*i**2. Suppose 2*a - w = -8, a + 6 = 6*a + 4*w. Let g(n) = n**2. Let h(k) = a*g(k) - s(k). Calculate h(-1).
-4
Let l be (33/(-9) - -2) + (-470)/(-30). Let y(v) = v**3 - 13*v**2 - 17*v + 34. Let r be y(l). Let o(b) = b + 9. What is o(r)?
1
Let m(r) = r**3 + 14*r**2 + 15*r + 28. Let j = -2257 - -2244. Calculate m(j).
2
Suppose -485 = -18*k - 53. Let o(t) = -5*t - k*t - t**2 + 42*t + 7. Give o(12).
19
Let l(p) be the second derivative of -p**4/12 - 3*p**2/2 - 135*p. Let o(d) = d**2 - 4*d - 3. Let k be o(5). Let h be k/(-6) + (-30)/(-9). Give l(h).
-12
Let p(w) = -w - 11. Let k(o) = -5*o**2 + 25*o + 125. Let d be k(8). Give p(d).
-16
Let a(r) = -r**3 - 13*r**2 - 42*r + 4. Let y be a(-6). Let x be (3 + -6)*(y - (-12)/(-18)). Let b(q) = q**2 + 11*q + 10. Determine b(x).
0
Let k(l) = -l**2 - 6*l - 1. Let y(d) = d - 5. Suppose 5*o - 7*x = -8*x, x = -3*o + 2. Let q be y(o). Determine k(q).
-1
Let w(v) be the third derivative of 35*v**4/24 + v**3/3 + 938*v**2. Give w(-1).
-33
Let t(w) be the third derivative of w**6/120 - w**5/12 - 5*w**4/12 - w**2. Suppose 511 = g + 16*g + 56*g. Give t(g).
28
Let p(x) be the third derivative of x**5/60 - 5*x**4/24 - 5*x**3/6 - 95*x**2. Let g(w) = w**3 + 4*w**2 + w + 27. Let i be g(-5). Calculate p(i).
19
Suppose 2*v + 3*n = 17, -16*n = 2*v - 12*n - 18. Let f(u) = -v + 9 - 13*u + 0 + 2*u**2. Determine f(6).
-4
Suppose -57*m + 6 = -55*m. Let y(v) = 11*v**3 + 26*v**2 - 8*v + 1. Let r(h) = -4*h**3 - 9*h**2 + 3*h. Let p(n) = m*y(n) + 8*r(n). Determine p(-6).
3
Let n(h) = -11*h + 10. Let u be (5/2 - 1)/(42/112). Let x(r) = 31*r - 30. Let p(s) = u*x(s) + 11*n(s). Give p(7).
11
Let r(y) = -7*y. Let h(k) = -15*k - 1. Let a(t) = -2*h(t) + 5*r(t). Let x be 2/(-8)*(26 + 978). Let v = -249 - x. Calculate a(v).
-8
Let q(n) = -n**3 - 5*n**2 - 2*n + 5. Let w(b) = -2*b**2 - 7*b + 2. Let m be w(0). Suppose 3*l + 5 = m*l. What is q(l)?
15
Let y(s) = -s**2 + 16*s + 27. Suppose -31*f + 69 = -28*f - m, -5*f + 8*m = -134. Give y(f).
-105
Let s(d) be the second derivative of 10*d**3/3 + 61*d**2 - 315*d - 4. Give s(-6).
2
Let v(g) = -g**3 - g - 2. Let y(m) = 14*m - 2*m**2 - 29333 + 7*m + 29342. Let l be y(11). Determine v(l).
8
Let w(y) = -y**3 + 9*y**2 - 4. Let z = -15 + 34. Suppose -30*b + 99 = -z*b. What is w(b)?
-4
Let a(o) = -19*o**2 - 2208*o + 1129*o - 4 + 1077*o. Determine a(-2).
-76
Suppose 133*y - 20 = 128*y, v = -y + 2. Let t(n) = n. Calculate t(v).
-2
Let o = 3918 + -3918. Let x(j) = -2*j - 2. Calculate x(o).
-2
Suppose -2*n - 3*i = -44, -4*n + 48 = -4*i - 0*i. Let u = n + -5. Suppose 2*g - u*g = -45. Let c(p) = -p**3 + 5*p**2 + 2*p - 7. Calculate c(g).
3
Let u(q) = -q**3 + 4*q**2 + q + 6. Suppose -764 = -53*c - 112*c - 26*c. What is u(c)?
10
Let z be (212*(-2)/(-4))/2. Suppose -z*w + 6 = 2*a - 49*w, -5*a + 60 = -5*w. Let t(d) = d**2 - 6*d - 34. Determine t(a).
-7
Let w = -1699 + 1709. Let v(l) = -l**2 + 4*l + 60. Calculate v(w).
0
Let x = -3172 + 3164. Let o(m) = -m - 30. What is o(x)?
-22
Let b(c) = 4*c - 16. Let v(q) = -q**3 + 29*q**2 + 15*q - 443. Let p be v(29). Give b(p).
-48
Let c(v) = -44*v**3 - 2 + 0*v**2 + 16528*v - 3*v**2 - 16524*v. Give c(1).
-45
Let t(s) = -67006 + 0*s**2 + 16750 + s**2 + 16752 + 16751 - 6*s**3 + 16752. Suppose 0 = -4*r + 3*f + 7, 2*r + 5 = -5*f + 2. Give t(r).
-6
Let i(b) = -24*b - 15. Let p(q) = 13*q + 7. Let v = -497 + 503. Let l(n) = v*i(n) + 11*p(n). Determine l(-6).
-7
Let i(y) be the first derivative of y**4/4 + 3*y**3 - 6*y**2 - 12*y - 925. What is i(-10)?
8
Let y(p) = -2*p - 4. Let j be y(-4). Let q(z) = 8*z**2 - 13*z + 11. Let f(u) = 1 - 24 - 14*u + 41*u - 17*u**2. Let w(m) = -6*f(m) - 13*q(m). Determine w(j).
-9
Let h(u) = -u**3 + 6*u**2 + 6*u + 7. Let o be 7/49 - 36/7. Let s(p) = -7*p - 28. Let b be s(o). Determine h(b).
0
Let d(s) = -18*s - 6. Let o = 24530 + -24526. Determine d(o).
-78
Let a(z) = -447*z - 2 + z**2 + 895*z - 449*z. Let i = 14 - 11. Let w be a(i). Let g(t) = -t**3 + 5*t**2 - t + 1. Calculate g(w).
13
Let g(b) be the third derivative of b**6/360 - b**5/15 + 5*b**4/24 - 15*b**3/2 - 37*b**2 - b. Let q(l) be the first derivative of g(l). Determine q(7).
-2
Let i(r) = 4*r**3 - 24*r - 24. Let x(d) = -3*d**2 - 166*d - 1. Let k be x(0). Calculate i(k).
-4
Suppose -5*u + 7 = 17. Let t(v) = 35*v**3 + 25*v**2 + 12*v + 9. Let r(y) = -32*y**3 - 23*y**2 - 11*y - 8. Let l(z) = -11*r(z) - 10*t(z). Determine l(u).
-8
Let b(u) = -5*u**2 - 4*u + 7. Let c(k) = -10 - 4*k**2 - 3*k + 16 + 2*k - 2*k. Let f = -5 - -9. Let p(m) = f*c(m) - 3*b(m). Calculate p(-3).
-6
Let v(n) = -135092*n**2 - 3 + 1 - n**3 + 135085*n**2 + 3 - 7*n - 2. Suppose 0 = 5*l - 5*w + 24 + 11, 5*l = -4*w - 26. Determine v(l).
5
Suppose 286 - 286 = -15*j. Let p(m) = 3*m - 54. Calculate p(j).
-54
Let f(b) = 27*b**3 + 20*b**2 - 20*b + 3. Let k(a) = -2*a**3 - 2*a**2 + 2*a - 1. Let z(n) = -f(n) - 13*k(n). Calculate z(5).
5
Suppose 3*o = 14 + 10. Let r(f) = f + 9 + 15 - o. Determine r(-7).
9
Let a = -131 + 128. Let q(s) be the second derivative of s**3/3 + s**2/2 - 38*s. Let z(d) = d + 1. Let b(c) = a*q(c) + 2*z(c). What is b(3)?
-13
Let r(x) = -57*x + 1940. Let t be r(34). Let z(l) = -l - 1. Let d be z(-1). Let h(p) = -4*p + 5 - 6 + d*p**2 + p**2. What is h(t)?
-5
Let v(o) be the third derivative of o**5/30 - 5*o**4/8 + 17*o**3/6 + 27*o**2. Let n be v(7). Let f(i) = i - 13. Determine f(n).
-3
Let j be 15/12 + (0 + -4)/16. Let x(z) = -2 - 2*z**2 - j + 19*z - 22*z. Suppose -5*b - 2*n - 2 = 9, -3*b - 4*n - 1 = 0. What is x(b)?
-12
Let i(b) be the first derivative of 13/2*b**2 - 23*b - 1/3*b**3 - 84. Calculate i(10).
7
Let j(y) = 9*y + 18. Let w be -19 - -24 - (-2 + 55/5). Determine j(w).
-18
Let v(s) = -3*s**2 + 4*s + 242 + s**2 + 3*s**2 - 243. Let r(u) = -4*u**2 - 29*u - 5. Let n(l) = r(l) + 5*v(l). Calculate n(7).
-24
Let r(h) = -34*h**2 - 3*h - 4. Let b(v) = -251*v**2 + 1007*v - 13. Let g be b(4). Give r(g).
-35
Let t(c) be the second derivative of c**4/12 - 5*c**3/6 + c**2 + 25*c - 5. Let s = -14 - -19. Determine t(s).
2
Let q(h) = 48*h**2 - 17*h - 74. Let y(d) = -41*d**2 + 17*d + 74. Let n(m) = 6*q(m) + 7*y(m). Give n(-8).
2
Let c = 60 + 4. Suppose -3*b + 5*b - c = 0. Let q = b + -38. Let d(h) = h + 5. What is d(q)?
-1
Suppose -5*m + 10 = -5. Let w(t) be the second derivative of -13*t - 1/6*t**3 + t**2 + 4. Give w(m).
-1
Let i be ((-330)/(-1100))/((-5)/(-50)). Let m(z) be the third derivative of 7/6*z**i - 1/4*z**4 + 0*z + 0 + 29*z**2 - 1/60*z**5. Determine m(-7).
0
Let i(v) be the first derivative of -v**4/4 + 3*v**3 - 10*v + 5459. Calculate i(10).
-110
Let i(h) = 7*h**2 - h - 2. Suppose -5*p - 4*u = 39, 7*p - 2*u + 0*u + 9 = 0. Determine i(p).
64
Let l(n) = -n + 17. Suppose -27*v + 429 = -27*v + 39*v. Calculate l(v).
6
Suppose 36 = 3*c - 48. Suppose 41*t + c = 2